{"id":359,"date":"2021-10-04T11:22:00","date_gmt":"2021-10-04T09:22:00","guid":{"rendered":"https:\/\/www.rolloshop24.eu\/ratgeber\/?page_id=359"},"modified":"2022-07-05T08:52:43","modified_gmt":"2022-07-05T06:52:43","slug":"plissee-farben","status":"publish","type":"page","link":"https:\/\/www.rolloshop24.eu\/ratgeber\/plissee-farben\/","title":{"rendered":"Plissee Farben"},"content":{"rendered":"<div id=\"attachment_1299\" style=\"width: 570px\" class=\"wp-caption aligncenter\"><img loading=\"lazy\" decoding=\"async\" aria-describedby=\"caption-attachment-1299\" class=\" wp-image-1299 \" src=\"https:\/\/www.rolloshop24.eu\/ratgeber\/wp-content\/uploads\/2014\/01\/Plissee-Farben-Statistik.jpg\" alt=\"Farben in deutschen Wohnzimmern\" width=\"560\" height=\"420\" srcset=\"https:\/\/www.rolloshop24.eu\/ratgeber\/wp-content\/uploads\/2014\/01\/Plissee-Farben-Statistik.jpg 800w, https:\/\/www.rolloshop24.eu\/ratgeber\/wp-content\/uploads\/2014\/01\/Plissee-Farben-Statistik-300x225.jpg 300w, https:\/\/www.rolloshop24.eu\/ratgeber\/wp-content\/uploads\/2014\/01\/Plissee-Farben-Statistik-400x300.jpg 400w\" sizes=\"(max-width: 560px) 100vw, 560px\" \/><p id=\"caption-attachment-1299\" class=\"wp-caption-text\">Grafik: \u00a9 Vadim Andrushchenko &#8211; Fotolia.com<br \/>Daten: Statista.com <a href=\"http:\/\/de.statista.com\/statistik\/daten\/studie\/182318\/umfrage\/beliebteste-wohnzimmerfarben-in-deutschland\/\">http:\/\/de.statista.com\/statistik\/daten\/studie\/182318\/umfrage\/beliebteste-wohnzimmerfarben-in-deutschland\/<\/a><\/p><\/div>\n<p style=\"text-align: justify;\">Die farbenfrohe Einrichtung verschiedener privater und gesch\u00e4ftlich genutzter R\u00e4ume kann schon mit recht einfachen Mitteln realisiert werden. Einer zunehmenden Beliebtheit erfreuen sich in diesem Zusammenhang farbige <a href=\"http:\/\/www.rolloshop24.eu\/plissee\">Plissees<\/a>.<\/p>\n<h2 style=\"text-align: justify;\">Das Spiel mit den Farben<\/h2>\n<p style=\"text-align: justify;\">F\u00fcr die zweckm\u00e4\u00dfige und gleichzeitig optisch ansprechende Ausstattung von R\u00e4umlichkeiten werden die praktischen Sicht- und Sonnenschutze in Form von Plissees oder Faltstores genutzt, wie diese Innovationen noch genannt werden. Schon l\u00e4ngst sind die in der Vergangenheit aus eint\u00f6nigem und unattraktivem Braun, Ocker oder Grau gefertigten Plissees durch h\u00fcbsche bunte Fabrikate abgel\u00f6st worden. Die modernen Faltstores gibt es nunmehr in einer gro\u00dfen Vielfalt an Farben, die kaum noch W\u00fcnsche offen l\u00e4sst. Nicht nur die bekannten vier Grundt\u00f6ne Rot, Blau, Gr\u00fcn und gelb, sondern fast die gesamte Palette des Farbspektrums des Lichtes ist vertreten.\u00a0Durch die kreativen Kombinationen, die aus variierenden Farbmischungen erzeugt werden, entstehen sowohl dunkle als auch helle Farbt\u00f6ne in den gleichen Colorationen.<\/p>\n<h3 style=\"text-align: justify;\">Farbige Plissees &#8211; Multitalente in ansprechenden Facetten<\/h3>\n<p style=\"text-align: justify;\">Durch die enorme F\u00fclle an Plissee Farben k\u00f6nnen ganz gezielt Akzente in einem Raum gesetzt werden. Dar\u00fcber hinaus geben Wei\u00df, Schwarz, <a href=\"http:\/\/plissee-grau.de\">Grau Plissees<\/a> helle und dunkle Farben die M\u00f6glichkeit, ganz spezielle Wirkungen in einem Raum zu erzielen. Plissees in hellen, dezenten und dennoch frischen Farben k\u00f6nnen einen kleinen, verwinkelten und beengten Raum optisch gr\u00f6\u00dfer und weiter erscheinen lassen. Durch das Spielen mit gedeckten, dunkelfarbigen Plissees k\u00f6nnen sehr gro\u00dfz\u00fcgige Zimmer geschickt einen kleineren Eindruck erhalten.<\/p>\n<p style=\"text-align: justify;\">Die Plissee Farben, fantasievolle Muster und Materialien sind eine Voraussetzung, um f\u00fcr ein gew\u00fcnschtes Flair eines Kinder- oder Schlafzimmers, eines Wintergartens oder eines Wohnzimmers zu sorgen, ohne einen riesigen Aufwand betreiben zu m\u00fcssen.<\/p>\n<h2><a title=\"zu den wei\u00dfen Plissees als \u00dcbersicht\" href=\"https:\/\/www.rolloshop24.eu\/ratgeber\/plisseefarben\/weiss\/\">Plissees in Wei\u00df<\/a><\/h2>\n<p><a href=\"https:\/\/www.rolloshop24.eu\/ratgeber\/plisseefarben\/weiss\/\"><img decoding=\"async\" src=\"https:\/\/www.rolloshop24.eu\/ratgeber\/wp-content\/themes\/rolloshop24\/images\/weiss-landing.jpg\" alt=\"Wei\u00dfe Plissees Liste\" \/><\/a><\/p>\n<h2><a title=\"zu den grauen Plissees als \u00dcbersicht\" href=\"https:\/\/www.rolloshop24.eu\/ratgeber\/plisseefarben\/grau\/\">Plissees in Grau<\/a><\/h2>\n<p><a href=\"https:\/\/www.rolloshop24.eu\/ratgeber\/plisseefarben\/grau\/\"><img decoding=\"async\" src=\"https:\/\/www.rolloshop24.eu\/ratgeber\/wp-content\/themes\/rolloshop24\/images\/grau-landing.jpg\" alt=\"Graue Plissees Liste\" \/><\/a><\/p>\n<h2><a title=\"zu den beigen Plissees als \u00dcbersicht\" href=\"https:\/\/www.rolloshop24.eu\/ratgeber\/plisseefarben\/beige\/\">Plissees in Beige<\/a><\/h2>\n<p><a href=\"https:\/\/www.rolloshop24.eu\/ratgeber\/plisseefarben\/beige\/\"><img decoding=\"async\" src=\"https:\/\/www.rolloshop24.eu\/ratgeber\/wp-content\/themes\/rolloshop24\/images\/beige-landing.jpg\" alt=\"Beige Plissees Liste\" \/><\/a><\/p>\n<h2><a title=\"zu den braunen Plissees als \u00dcbersicht\" href=\"https:\/\/www.rolloshop24.eu\/ratgeber\/plisseefarben\/braun\/\">Plissees in Braun<\/a><\/h2>\n<p><a href=\"https:\/\/www.rolloshop24.eu\/ratgeber\/plisseefarben\/braun\/\"><img decoding=\"async\" src=\"https:\/\/www.rolloshop24.eu\/ratgeber\/wp-content\/themes\/rolloshop24\/images\/braun-landing.jpg\" alt=\"Braune Plissees Liste\" \/><\/a><\/p>\n<h2><a title=\"zu den blauen Plissees als \u00dcbersicht\" href=\"https:\/\/www.rolloshop24.eu\/ratgeber\/plisseefarben\/blau\/\">Plissees in Blau<\/a><\/h2>\n<p><a href=\"https:\/\/www.rolloshop24.eu\/ratgeber\/plisseefarben\/blau\/\"><img decoding=\"async\" src=\"https:\/\/www.rolloshop24.eu\/ratgeber\/wp-content\/themes\/rolloshop24\/images\/blau-landing.jpg\" alt=\"Blaue Plissees Liste\" \/><\/a><\/p>\n<h2><a title=\"zu den gr\u00fcnen Plissees als \u00dcbersicht\" href=\"https:\/\/www.rolloshop24.eu\/ratgeber\/plisseefarben\/gruen\/\">Plissees in Gr\u00fcn<\/a><\/h2>\n<p><a href=\"https:\/\/www.rolloshop24.eu\/ratgeber\/plisseefarben\/gruen\/\"><img decoding=\"async\" src=\"https:\/\/www.rolloshop24.eu\/ratgeber\/wp-content\/themes\/rolloshop24\/images\/gruen-landing.jpg\" alt=\"Gr\u00fcne Plissees Liste\" \/><\/a><\/p>\n<h2><a title=\"zu den gelben Plissees als \u00dcbersicht\" href=\"https:\/\/www.rolloshop24.eu\/ratgeber\/plisseefarben\/gelb\/\">Plissees in Gelb<\/a><\/h2>\n<p><a href=\"https:\/\/www.rolloshop24.eu\/ratgeber\/plisseefarben\/gelb\/\"><img decoding=\"async\" src=\"https:\/\/www.rolloshop24.eu\/ratgeber\/wp-content\/themes\/rolloshop24\/images\/gelb-landing.jpg\" alt=\"Gelbe Plissees Liste\" \/><\/a><\/p>\n<h2><a title=\"zu den orangen Plissees als \u00dcbersicht\" href=\"https:\/\/www.rolloshop24.eu\/ratgeber\/plisseefarben\/orange\/\">Plissees in Orange<\/a><\/h2>\n<p><a href=\"https:\/\/www.rolloshop24.eu\/ratgeber\/plisseefarben\/orange\/\"><img decoding=\"async\" src=\"https:\/\/www.rolloshop24.eu\/ratgeber\/wp-content\/themes\/rolloshop24\/images\/orange-landing.jpg\" alt=\"Orange Plissees Liste\" \/><\/a><\/p>\n<h2><a title=\"zu den roten Plissees als \u00dcbersicht\" href=\"https:\/\/www.rolloshop24.eu\/ratgeber\/plisseefarben\/rot\/\">Plissees in Rot<\/a><\/h2>\n<p><a href=\"https:\/\/www.rolloshop24.eu\/ratgeber\/plisseefarben\/rot\/\"><img decoding=\"async\" src=\"https:\/\/www.rolloshop24.eu\/ratgeber\/wp-content\/themes\/rolloshop24\/images\/rot-landing.jpg\" alt=\"Rote Plissees Liste\" \/><\/a><\/p>\n<h2><a title=\"zu den schwarzen Plissees als \u00dcbersicht\" href=\"https:\/\/www.rolloshop24.eu\/ratgeber\/plisseefarben\/schwarz\/\">Plissees in Schwarz<\/a><\/h2>\n<p><a href=\"https:\/\/www.rolloshop24.eu\/ratgeber\/plisseefarben\/schwarz\/\"><img decoding=\"async\" src=\"https:\/\/www.rolloshop24.eu\/ratgeber\/wp-content\/themes\/rolloshop24\/images\/schwarz-landing.jpg\" alt=\"Schwarze Plissees Liste\" \/><\/a><\/p>\n","protected":false},"excerpt":{"rendered":"<p>Die farbenfrohe Einrichtung verschiedener privater und gesch\u00e4ftlich genutzter R\u00e4ume kann schon mit recht einfachen Mitteln realisiert werden. Einer zunehmenden Beliebtheit erfreuen sich in diesem Zusammenhang farbige Plissees. Das Spiel mit den Farben F\u00fcr die zweckm\u00e4\u00dfige und gleichzeitig optisch ansprechende Ausstattung &hellip; <a href=\"https:\/\/www.rolloshop24.eu\/ratgeber\/plissee-farben\/\">Weiterlesen <span class=\"meta-nav\">&rarr;<\/span><\/a><\/p>\n","protected":false},"author":2,"featured_media":0,"parent":0,"menu_order":0,"comment_status":"closed","ping_status":"closed","template":"","meta":{"om_disable_all_campaigns":false,"_monsterinsights_skip_tracking":false,"_monsterinsights_sitenote_active":false,"_monsterinsights_sitenote_note":"","_monsterinsights_sitenote_category":0,"footnotes":""},"aioseo_notices":[],"_links":{"self":[{"href":"https:\/\/www.rolloshop24.eu\/ratgeber\/wp-json\/wp\/v2\/pages\/359"}],"collection":[{"href":"https:\/\/www.rolloshop24.eu\/ratgeber\/wp-json\/wp\/v2\/pages"}],"about":[{"href":"https:\/\/www.rolloshop24.eu\/ratgeber\/wp-json\/wp\/v2\/types\/page"}],"author":[{"embeddable":true,"href":"https:\/\/www.rolloshop24.eu\/ratgeber\/wp-json\/wp\/v2\/users\/2"}],"replies":[{"embeddable":true,"href":"https:\/\/www.rolloshop24.eu\/ratgeber\/wp-json\/wp\/v2\/comments?post=359"}],"version-history":[{"count":8,"href":"https:\/\/www.rolloshop24.eu\/ratgeber\/wp-json\/wp\/v2\/pages\/359\/revisions"}],"predecessor-version":[{"id":1455,"href":"https:\/\/www.rolloshop24.eu\/ratgeber\/wp-json\/wp\/v2\/pages\/359\/revisions\/1455"}],"wp:attachment":[{"href":"https:\/\/www.rolloshop24.eu\/ratgeber\/wp-json\/wp\/v2\/media?parent=359"}],"curies":[{"name":"wp","href":"https:\/\/api.w.org\/{rel}","templated":true}]}}