{"id":41,"date":"2018-10-11T12:00:00","date_gmt":"2018-10-11T10:00:00","guid":{"rendered":"https:\/\/www.rolloshop24.eu\/ratgeber\/?page_id=41"},"modified":"2018-10-12T09:13:07","modified_gmt":"2018-10-12T07:13:07","slug":"plissee-info","status":"publish","type":"page","link":"https:\/\/www.rolloshop24.eu\/ratgeber\/plissee-info\/","title":{"rendered":"Plissee Info"},"content":{"rendered":"<h2>Plissees sind f\u00fcr jeden Fenstertyp geeignet<\/h2>\n<p>Wenn es um die Einrichtung der neuen Wohnung oder des eigenen Hauses geht, dann ist der Sonnenschutz ein wichtiger Aspekt, der f\u00fcr das Wohlbefinden der Bewohner im Haus mit beitr\u00e4gt. Eine dieser M\u00f6glichkeiten sind <strong>Plissees<\/strong>, die in sehr wohnlichen Ausf\u00fchrungen an allen senkrechten auch kippbaren Fenstern und auch bei Dachfl\u00e4chenfenstern eingesetzt werden k\u00f6nnen. Die gro\u00dfe Auswahl an Sonnenschutzartikeln bei www.rolloshop24.eu macht die Auswahl des pers\u00f6nlich ansprechenden Artikels einfach.<\/p>\n<p>Alle Anlagen werden auf Ma\u00df angefertigt und sind somit Einzelanfertigungen. <em>Plissee<\/em> ist in frei h\u00e4ngender und gespannter Ausf\u00fchrung lieferbar. Alle senkrechten Fenster k\u00f6nnen mit der frei h\u00e4ngenden Ausf\u00fchrung best\u00fcckt werden. Bei den Fenstern mit Kippbeschlag wird eine zus\u00e4tzliche Pendelsicherung eingebaut, um ein Auspendeln des Plissees vom Fenster zu verhindern. Dachfl\u00e4chenfenster werden mit verspannten Anlagen best\u00fcckt, die eine sichere F\u00fchrung des Materials garantieren.<\/p>\n<h2>Plissees sind vielseitig und dekorativ<\/h2>\n<p>Bei den verschiedensten Fensterformen kommen unterschiedliche Anlagenarten zum Einsatz. Es lassen sich sogar dreieckige Erkerfenster und Rundbogenfenster mit geteilten Plissees best\u00fccken. Die eingesetzten Materialien f\u00fcr den Sonnenschutz sind in transparenter, halbtransparenter und verdunkelnder Ausf\u00fchrung im Online-Shop erh\u00e4ltlich. Auch die Bedienvarianten variieren je nach Fenstertyp und Montageort. Somit ist immer <a href=\"https:\/\/www.rolloshop24.eu\/Plissee\">optimaler Komfort mit Plissee<\/a> garantiert.<\/p>\n<p>Die Vielfalt an Designs und Farben f\u00fcr die Plisseestoffe macht eine Anpassung an vorhandene Einrichtung leicht. Ob jemand Akzente setzen will oder Ton in Ton farblich passende Anlagen installieren m\u00f6chte, ist dabei ganz dem pers\u00f6nlichen Geschmack \u00fcberlassen. Der Bestellvorgang ist einfach und erfolgt schrittweise durch Abfrage alle notwendigen Daten. Auch die Montage geht sehr einfach.<\/p>\n","protected":false},"excerpt":{"rendered":"<p>Plissees sind f\u00fcr jeden Fenstertyp geeignet Wenn es um die Einrichtung der neuen Wohnung oder des eigenen Hauses geht, dann ist der Sonnenschutz ein wichtiger Aspekt, der f\u00fcr das Wohlbefinden der Bewohner im Haus mit beitr\u00e4gt. Eine dieser M\u00f6glichkeiten sind &hellip; <a href=\"https:\/\/www.rolloshop24.eu\/ratgeber\/plissee-info\/\">Weiterlesen <span class=\"meta-nav\">&rarr;<\/span><\/a><\/p>\n","protected":false},"author":2,"featured_media":0,"parent":0,"menu_order":0,"comment_status":"closed","ping_status":"open","template":"","meta":{"om_disable_all_campaigns":false,"_monsterinsights_skip_tracking":false,"_monsterinsights_sitenote_active":false,"_monsterinsights_sitenote_note":"","_monsterinsights_sitenote_category":0,"footnotes":""},"aioseo_notices":[],"_links":{"self":[{"href":"https:\/\/www.rolloshop24.eu\/ratgeber\/wp-json\/wp\/v2\/pages\/41"}],"collection":[{"href":"https:\/\/www.rolloshop24.eu\/ratgeber\/wp-json\/wp\/v2\/pages"}],"about":[{"href":"https:\/\/www.rolloshop24.eu\/ratgeber\/wp-json\/wp\/v2\/types\/page"}],"author":[{"embeddable":true,"href":"https:\/\/www.rolloshop24.eu\/ratgeber\/wp-json\/wp\/v2\/users\/2"}],"replies":[{"embeddable":true,"href":"https:\/\/www.rolloshop24.eu\/ratgeber\/wp-json\/wp\/v2\/comments?post=41"}],"version-history":[{"count":3,"href":"https:\/\/www.rolloshop24.eu\/ratgeber\/wp-json\/wp\/v2\/pages\/41\/revisions"}],"predecessor-version":[{"id":1371,"href":"https:\/\/www.rolloshop24.eu\/ratgeber\/wp-json\/wp\/v2\/pages\/41\/revisions\/1371"}],"wp:attachment":[{"href":"https:\/\/www.rolloshop24.eu\/ratgeber\/wp-json\/wp\/v2\/media?parent=41"}],"curies":[{"name":"wp","href":"https:\/\/api.w.org\/{rel}","templated":true}]}}