{"id":6,"date":"2022-05-02T09:42:00","date_gmt":"2022-05-02T07:42:00","guid":{"rendered":"https:\/\/www.rolloshop24.eu\/ratgeber\/?page_id=6"},"modified":"2022-05-02T09:36:45","modified_gmt":"2022-05-02T07:36:45","slug":"markisen-info","status":"publish","type":"page","link":"https:\/\/www.rolloshop24.eu\/ratgeber\/markisen-info\/","title":{"rendered":"Markisen Info"},"content":{"rendered":"<h2>Markisen als Sonnenschutz<\/h2>\n<p>Je hei\u00dfer der Sommer, umso gl\u00fccklicher ist man \u00fcber jeden Zentimeter Schatten. Gerade, wer ein paar Tage Urlaub auf Balkonien machen m\u00f6chte, sollte deshalb unbedingt f\u00fcr gen\u00fcgend <strong>Sonnenschutz<\/strong> sorgen. Denn was gibt es Sch\u00f6neres, als mit ein paar Freunden ganz entspannt auf einer Liege am heimischen Pool zu liegen und dabei leckere Cocktails zu schl\u00fcrfen, w\u00e4hrend eine ausladende <em>Markise<\/em> ein sch\u00fctzendes Sonnendach bildet.<\/p>\n<h3>Die Markise \u2013 flexibel und praktisch<\/h3>\n<p>Es gibt viele Eigenschaften, die eine <a href=\"https:\/\/www.rolloshop24.eu\/index.php?seite=kat&amp;katid=58\">Markise zum perfekten Sonnenschutz<\/a> machen. Erster Pluspunkt ist nat\u00fcrlich die Gr\u00f6\u00dfe. <strong>Markisent\u00fccher<\/strong> k\u00f6nnen bis zu 10 m breit und 5 m lang sein und manche Systeme lassen sich zudem aneinanderkoppeln, sodass sich noch gr\u00f6\u00dfere Fl\u00e4chen damit abdecken lassen. Dabei l\u00e4sst sich die Ausfalll\u00e4nge je nach Wunsch und Sonnenstand individuell anpassen. Manche <strong>Markisen<\/strong> verf\u00fcgen zudem \u00fcber eine Kippmechanik, \u00fcber die sich auch der Winkel des Sonnenschutzes einstellen l\u00e4sst.<\/p>\n<h2>Markisen f\u00fcr jeden Anwendungsbereich<\/h2>\n<p>Was die Markisensorten betrifft, gibt es gen\u00fcgend Auswahl, sodass f\u00fcr jede Situation eine L\u00f6sung gefunden werden kann. F\u00fcr Bereiche, die der Witterung ausgesetzt sind, w\u00e4ren <strong>Kassettenmarkisen<\/strong> sinnvoll, da diese dem Stoffdach in eingerolltem Zustand Schutz vor Wind und Wetter bieten. Um hingegen eine frei stehende Terrasse zu \u00fcberdachen, w\u00e4re eine Pergolamarkise zu empfehlen.<\/p>\n<p>Wer gro\u00dfe Glasfl\u00e4chen sonnentauglich machen m\u00f6chte, sollte hingegen das <strong>Wintergartenmarkisen<\/strong> Angebot unter die Lupe nehmen. Mit der <a href=\"https:\/\/www.rolloshop24.eu\/markisen\/wintergartenmarkisen\/europe-3000\">Wintergartenmarkise Europe\u00ae 3000<\/a> erhalten Sie den passenden Sonnenschutz sowie Hitzeschutz f\u00fcr Winterg\u00e4rten oder Dachverglasungen. Diese Markise kann dank Ma\u00dfanfertigung und Wahl der Profilfarben sowie einer gro\u00dfen Stoffvielfalt individuell auf den Wintergarten abgestimmt werden. Zur Montage wird die Wintergartenmarkise oben auf den Winterkarten aufgeschraubt. Das <em>Markisentuch<\/em> gleitet auf Schienen \u00fcber das Dach ihres Wintergartens. <br \/>Eine <em>Pergolamarkise<\/em> mit stabilem Ausfallprofil bietet Ihnen zuverl\u00e4ssigen Sonnenschutz \u00fcber einer Pergola oder einer Sitzecke. Die formsch\u00f6ne Kassette der Markise wird mit Hilfe von zwei Konsolen direkt an der Wand montiert. Die Pergolast\u00e4nder werden in den Boden geschraubt und \u00fcber die Gelenkbefestigung mit den Seitenf\u00fchrungsschienen zusammengef\u00fchrt.<\/p>\n<p>\u00a0<\/p>\n<h3>Markisen kaufen bei rolloshop24<\/h3>\n<p>All die angesprochenen Markisensorten und noch viele weitere finden sich auf <a href=\"https:\/\/www.rolloshop24.eu\/markisen\"><strong>rolloshop24.eu<\/strong><\/a> \u2013 der Webseite f\u00fcr jegliche Sonnenschutzinnovationen. Der Internetanbieter steht f\u00fcr g\u00fcnstige Markenprodukte und gew\u00e4hrt jeden Winter zus\u00e4tzliche Sonderrabatte. Zudem verf\u00fcgt der Shop \u00fcber einen eigenen zuverl\u00e4ssigen Lieferservice.<\/p>\n\n\n<p><\/p>\n","protected":false},"excerpt":{"rendered":"<p>Markisen als Sonnenschutz Je hei\u00dfer der Sommer, umso gl\u00fccklicher ist man \u00fcber jeden Zentimeter Schatten. Gerade, wer ein paar Tage Urlaub auf Balkonien machen m\u00f6chte, sollte deshalb unbedingt f\u00fcr gen\u00fcgend Sonnenschutz sorgen. Denn was gibt es Sch\u00f6neres, als mit ein &hellip; <a href=\"https:\/\/www.rolloshop24.eu\/ratgeber\/markisen-info\/\">Weiterlesen <span class=\"meta-nav\">&rarr;<\/span><\/a><\/p>\n","protected":false},"author":2,"featured_media":0,"parent":0,"menu_order":0,"comment_status":"closed","ping_status":"closed","template":"","meta":{"om_disable_all_campaigns":false,"_monsterinsights_skip_tracking":false,"_monsterinsights_sitenote_active":false,"_monsterinsights_sitenote_note":"","_monsterinsights_sitenote_category":0,"footnotes":""},"aioseo_notices":[],"_links":{"self":[{"href":"https:\/\/www.rolloshop24.eu\/ratgeber\/wp-json\/wp\/v2\/pages\/6"}],"collection":[{"href":"https:\/\/www.rolloshop24.eu\/ratgeber\/wp-json\/wp\/v2\/pages"}],"about":[{"href":"https:\/\/www.rolloshop24.eu\/ratgeber\/wp-json\/wp\/v2\/types\/page"}],"author":[{"embeddable":true,"href":"https:\/\/www.rolloshop24.eu\/ratgeber\/wp-json\/wp\/v2\/users\/2"}],"replies":[{"embeddable":true,"href":"https:\/\/www.rolloshop24.eu\/ratgeber\/wp-json\/wp\/v2\/comments?post=6"}],"version-history":[{"count":4,"href":"https:\/\/www.rolloshop24.eu\/ratgeber\/wp-json\/wp\/v2\/pages\/6\/revisions"}],"predecessor-version":[{"id":1435,"href":"https:\/\/www.rolloshop24.eu\/ratgeber\/wp-json\/wp\/v2\/pages\/6\/revisions\/1435"}],"wp:attachment":[{"href":"https:\/\/www.rolloshop24.eu\/ratgeber\/wp-json\/wp\/v2\/media?parent=6"}],"curies":[{"name":"wp","href":"https:\/\/api.w.org\/{rel}","templated":true}]}}